or of 6279 and 6552.
273
What is the highest common divisor of 1210 and 1180355?
605
What is the highest common factor of 93 and 34999?
31
Calculate the greatest common factor of 38141 and 215.
43
What is the greatest common factor of 2340 and 95?
5
Calculate the highest common divisor of 392 and 36554.
98
What is the greatest common divisor of 3866525 and 25?
25
Calculate the highest common divisor of 63 and 21942.
9
What is the highest common divisor of 2405028 and 348?
348
What is the highest common divisor of 14322 and 14861?
77
Calculate the highest common divisor of 288970 and 148.
74
What is the highest common factor of 84 and 6611108?
28
Calculate the greatest common divisor of 946454 and 2.
2
What is the greatest common divisor of 632 and 98355?
79
Calculate the greatest common factor of 32000 and 14528.
64
What is the greatest common factor of 310334 and 2?
2
Calculate the greatest common factor of 156234 and 234.
78
What is the highest common factor of 792 and 566808?
264
Calculate the greatest common factor of 5265 and 2262195.
1755
What is the highest common divisor of 232 and 5080?
8
Calculate the greatest common divisor of 210 and 592935.
105
What is the highest common divisor of 184 and 5773?
23
Calculate the greatest common divisor of 61700 and 440.
20
What is the greatest common divisor of 2304 and 153568?
32
What is the greatest common divisor of 220 and 130328?
44
Calculate the highest common divisor of 4566 and 150.
6
Calculate the greatest common divisor of 2635 and 157325.
155
What is the highest common divisor of 12 and 4916?
4
What is the greatest common factor of 239400 and 560?
280
What is the highest common factor of 10752 and 756?
84
Calculate the greatest common factor of 5330 and 20.
10
Calculate the greatest common factor of 47 and 2453635.
47
Calculate the greatest common factor of 20090 and 5330.
410
What is the highest common factor of 1153395 and 171?
171
Calculate the greatest common divisor of 1063761 and 6.
3
Calculate the greatest common factor of 63 and 73885.
7
What is the greatest common factor of 21855 and 6975?
465
Calculate the highest common divisor of 145209 and 194.
97
What is the greatest common divisor of 14 and 80780?
14
Calculate the highest common divisor of 1936 and 4592.
16
What is the greatest common factor of 1340 and 68072?
268
Calculate the greatest common divisor of 602656 and 32.
32
Calculate the highest common divisor of 425 and 12869.
17
Calculate the greatest common divisor of 21028 and 8.
4
What is the highest common divisor of 768 and 4512?
96
What is the highest common divisor of 1125157 and 932?
233
Calculate the greatest common factor of 9633 and 48906.
741
Calculate the greatest common divisor of 326 and 3682822.
326
What is the highest common factor of 146 and 201626?
146
Calculate the greatest common factor of 63 and 141897.
21
What is the greatest common factor of 416905 and 199?
199
What is the greatest common divisor of 351 and 6773?
13
Calculate the highest common divisor of 3312 and 29739.
69
Calculate the highest common divisor of 7397 and 11518.
13
Calculate the greatest common factor of 16813 and 129.
43
Calculate the greatest common factor of 18799848 and 12.
12
What is the highest common divisor of 32639 and 1799?
257
What is the greatest common factor of 9581 and 6767?
67
Calculate the highest common factor of 5049 and 2618.
187
What is the highest common factor of 7911 and 432?
27
What is the greatest common factor of 8013 and 39?
3
Calculate the highest common factor of 957 and 455097.
87
Calculate the greatest common divisor of 20 and 7970.
10
Calculate the greatest common divisor of 2232 and 30008.
248
Calculate the highest common divisor of 33183 and 1233.
9
Calculate the greatest common factor of 72 and 15816.
24
What is the highest common factor of 336 and 160944?
336
Calculate the highest common factor of 62 and 123194.
62
What is the greatest common divisor of 112175 and 7?
7
What is the highest common divisor of 117 and 336609?
117
What is the greatest common divisor of 575561 and 7?
7
What is the greatest common factor of 2754 and 1512?
54
Calculate the greatest common divisor of 3934700 and 539.
539
Calculate the greatest common divisor of 314532 and 24.
12
What is the greatest common factor of 50690 and 2220?
370
What is the greatest common divisor of 62475 and 615?
15
Calculate the highest common factor of 4471 and 36557.
263
Calculate the greatest common factor of 4845 and 34.
17
Calculate the highest common divisor of 580750 and 46.
46
Calculate the greatest common divisor of 25421 and 143.
11
What is the highest common divisor of 646 and 55594?
38
Calculate the highest common factor of 7682 and 35237.
167
What is the greatest common factor of 153532 and 3144?
524
What is the highest common factor of 594 and 633?
3
Calculate the greatest common divisor of 888 and 21682.
74
What is the greatest common factor of 18551 and 26?
13
What is the highest common divisor of 596 and 263134?
298
What is the greatest common divisor of 5 and 298?
1
Calculate the greatest common divisor of 9666 and 102.
6
What is the greatest common divisor of 6568 and 116?
4
What is the greatest common factor of 19845 and 10710?
315
What is the highest common divisor of 8123905 and 185?
185
What is the highest common factor of 706 and 203328?
706
Calculate the greatest common divisor of 286064 and 228.
76
What is the highest common divisor of 245020 and 340?
20
What is the highest common divisor of 488526 and 6?
6
Calculate the highest common divisor of 20724 and 750.
6
Calculate the highest common divisor of 3327 and 249.
3
What is the highest common factor of 328 and 29684?
164
What is the greatest common divisor of 262632 and 744?
744
Calculate the greatest common divisor of 4765 and 520338.
953
What is the highest common factor of 339394 and 154?
22
Calculate the greatest common divisor of 230 and 630430.
230
Calculate the greatest common divisor of 14999 and 187063.
283
Calculate the highest common factor of 477 and 873864.
477
Calculate the highest common factor of 303530 and 8365.
1195
What is the greatest common divisor of 355500 and 1200?
300
Calculate the highest common divisor of 13 and 3040453.
13
What is the greatest common divisor of 317 and 55?
1
Calculate the greatest common factor of 4432 and 198332.
1108
What is the greatest common divisor of 66 and 29656?
22
What is the highest common divisor of 543958 and 1688?
422
Calculate the highest common divisor of 7860 and 3931572.
1572
What is the greatest common factor of 3564 and 10476?
108
Calculate the greatest common factor of 1177044 and 555.
111
What is the highest common divisor of 1612 and 64542?
62
Calculate the greatest common divisor of 54589 and 79.
79
Calculate the highest common factor of 3114 and 17766.
18
Calculate the greatest common factor of 324 and 312651.
9
Calculate the greatest common divisor of 200270 and 70.
70
Calculate the greatest common divisor of 18396 and 180.
36
Calculate the greatest common divisor of 42622 and 1818.
202
Calculate the greatest common factor of 180 and 17892.
36
Calculate the greatest common divisor of 108 and 2349.
27
What is the greatest common divisor of 5 and 223165?
5
Calculate the greatest common factor of 2441812 and 596.
596
Calculate the highest common factor of 956431 and 245.
49
What is the greatest common factor of 9198 and 3906?
126
What is the highest common divisor of 290411 and 187?
187
What is the greatest common divisor of 2167 and 209?
11
What is the greatest common factor of 119184 and 416?
208
What is the highest common divisor of 1992 and 13280?
664
Calculate the highest common factor of 17 and 20145.
17
Calculate the highest common factor of 6644 and 132.
44
Calculate the greatest common factor of 3264 and 98872.
136
Calculate the greatest common divisor of 4 and 1145746.
2
What is the highest common divisor of 23963 and 589?
31
Calculate the highest common divisor of 2579962 and 2541.
847
What is the highest common divisor of 196 and 701729?
49
Calculate the greatest common factor of 4888546 and 26.
26
What is the highest common factor of 23 and 33695?
23
What is the highest common divisor of 73431 and 19557?
369
Calculate the greatest c